{"id":15424,"date":"2022-07-13T14:18:40","date_gmt":"2022-07-13T12:18:40","guid":{"rendered":"https:\/\/kme.eu\/kme\/?post_type=product&#038;p=15424"},"modified":"2023-10-18T07:19:43","modified_gmt":"2023-10-18T05:19:43","slug":"czujnik-cisnienia-cct6-analog-szaro-czarny-5-5-bar","status":"publish","type":"product","link":"https:\/\/kme.eu\/kme\/produkt\/czujnik-cisnienia-cct6-analog-szaro-czarny-5-5-bar\/","title":{"rendered":"CZUJNIK CI\u015aNIENIA CCT6 ANALOG 5.5BAR"},"content":{"rendered":"<p>W zwi\u0105zku ze zwi\u0119kszaj\u0105ca si\u0119 liczb\u0105 silnik\u00f3w z du\u017cym do\u0142adowaniem KME wprowadzi\u0142o do oferty <strong>czujnik o rozszerzonym zakresie pomiaru ci\u015bnienia<\/strong> z reduktora gazu \u2014 do 5,5 bara (dotychczas by\u0142y to urz\u0105dzenia pracuj\u0105ce do 4.0 bara). Ma on zastosowanie w autach z <strong>turbin\u0105 o du\u017cym stopniu do\u0142adowania<\/strong>.<\/p>\n<div class=\"sdm_download_button_box_default\"><div class=\"sdm_download_link\"><a href=\"https:\/\/kme.eu\/kme\/?sdm_process_download=1&download_id=16697\" class=\"sdm_download orange\" title=\"ulotka CCT6 analog 5_5bara PL EN\" >POBIERZ ULOTK\u0118<\/a><\/div><\/div>\n<p>&nbsp;<\/p>\n<p><script>\n   $(window).on('load', function(){\n      $(\".sdm_download\").each(function( index, element ){\n         console.log($(this));\n         $(this).attr('target','_blank');\n      });\n   });\n<\/script><\/p>\n","protected":false},"excerpt":{"rendered":"<p>Czujnik CCT6 ANALOG 5.5BAR ma szaro-czarny kolor obudowy.<\/p>\n","protected":false},"featured_media":17196,"template":"","meta":[],"product_brand":[],"product_cat":[152],"product_tag":[315],"class_list":{"0":"post-15424","1":"product","2":"type-product","3":"status-publish","4":"has-post-thumbnail","6":"product_cat-akcesoria","7":"product_tag-nevo-sky","9":"first","10":"instock","11":"shipping-taxable","12":"product-type-simple"},"acf":[],"yoast_head":"<!-- This site is optimized with the Yoast SEO plugin v27.5 - https:\/\/yoast.com\/product\/yoast-seo-wordpress\/ -->\n<title>CZUJNIK CI\u015aNIENIA CCT6 ANALOG 5.5BAR - KME<\/title>\n<meta name=\"robots\" content=\"index, follow, max-snippet:-1, max-image-preview:large, max-video-preview:-1\" \/>\n<link rel=\"canonical\" href=\"https:\/\/kme.eu\/kme\/produkt\/czujnik-cisnienia-cct6-analog-szaro-czarny-5-5-bar\/\" \/>\n<meta property=\"og:locale\" content=\"pl_PL\" \/>\n<meta property=\"og:type\" content=\"article\" \/>\n<meta property=\"og:title\" content=\"CZUJNIK CI\u015aNIENIA CCT6 ANALOG 5.5BAR - KME\" \/>\n<meta property=\"og:description\" content=\"Czujnik CCT6 ANALOG 5.5BAR ma szaro-czarny kolor obudowy.\" \/>\n<meta property=\"og:url\" content=\"https:\/\/kme.eu\/kme\/produkt\/czujnik-cisnienia-cct6-analog-szaro-czarny-5-5-bar\/\" \/>\n<meta property=\"og:site_name\" content=\"KME\" \/>\n<meta property=\"article:publisher\" content=\"https:\/\/www.facebook.com\/KME.LPG\/\" \/>\n<meta property=\"article:modified_time\" content=\"2023-10-18T05:19:43+00:00\" \/>\n<meta property=\"og:image\" content=\"https:\/\/kme.eu\/kme\/wp-content\/uploads\/2023\/10\/czujnik-cisnienia-CCT6-ANALOG-5.5BAR-NEVO-SKY_8301000007.jpg\" \/>\n\t<meta property=\"og:image:width\" content=\"800\" \/>\n\t<meta property=\"og:image:height\" content=\"900\" \/>\n\t<meta property=\"og:image:type\" content=\"image\/jpeg\" \/>\n<meta name=\"twitter:card\" content=\"summary_large_image\" \/>\n<meta name=\"twitter:label1\" content=\"Szacowany czas czytania\" \/>\n\t<meta name=\"twitter:data1\" content=\"1 minuta\" \/>\n<script type=\"application\/ld+json\" class=\"yoast-schema-graph\">{\"@context\":\"https:\\\/\\\/schema.org\",\"@graph\":[{\"@type\":\"WebPage\",\"@id\":\"https:\\\/\\\/kme.eu\\\/kme\\\/produkt\\\/czujnik-cisnienia-cct6-analog-szaro-czarny-5-5-bar\\\/\",\"url\":\"https:\\\/\\\/kme.eu\\\/kme\\\/produkt\\\/czujnik-cisnienia-cct6-analog-szaro-czarny-5-5-bar\\\/\",\"name\":\"CZUJNIK CI\u015aNIENIA CCT6 ANALOG 5.5BAR - KME\",\"isPartOf\":{\"@id\":\"https:\\\/\\\/kme.eu\\\/kme\\\/#website\"},\"primaryImageOfPage\":{\"@id\":\"https:\\\/\\\/kme.eu\\\/kme\\\/produkt\\\/czujnik-cisnienia-cct6-analog-szaro-czarny-5-5-bar\\\/#primaryimage\"},\"image\":{\"@id\":\"https:\\\/\\\/kme.eu\\\/kme\\\/produkt\\\/czujnik-cisnienia-cct6-analog-szaro-czarny-5-5-bar\\\/#primaryimage\"},\"thumbnailUrl\":\"https:\\\/\\\/kme.eu\\\/kme\\\/wp-content\\\/uploads\\\/2023\\\/10\\\/czujnik-cisnienia-CCT6-ANALOG-5.5BAR-NEVO-SKY_8301000007.jpg\",\"datePublished\":\"2022-07-13T12:18:40+00:00\",\"dateModified\":\"2023-10-18T05:19:43+00:00\",\"breadcrumb\":{\"@id\":\"https:\\\/\\\/kme.eu\\\/kme\\\/produkt\\\/czujnik-cisnienia-cct6-analog-szaro-czarny-5-5-bar\\\/#breadcrumb\"},\"inLanguage\":\"pl-PL\",\"potentialAction\":[{\"@type\":\"ReadAction\",\"target\":[\"https:\\\/\\\/kme.eu\\\/kme\\\/produkt\\\/czujnik-cisnienia-cct6-analog-szaro-czarny-5-5-bar\\\/\"]}]},{\"@type\":\"ImageObject\",\"inLanguage\":\"pl-PL\",\"@id\":\"https:\\\/\\\/kme.eu\\\/kme\\\/produkt\\\/czujnik-cisnienia-cct6-analog-szaro-czarny-5-5-bar\\\/#primaryimage\",\"url\":\"https:\\\/\\\/kme.eu\\\/kme\\\/wp-content\\\/uploads\\\/2023\\\/10\\\/czujnik-cisnienia-CCT6-ANALOG-5.5BAR-NEVO-SKY_8301000007.jpg\",\"contentUrl\":\"https:\\\/\\\/kme.eu\\\/kme\\\/wp-content\\\/uploads\\\/2023\\\/10\\\/czujnik-cisnienia-CCT6-ANALOG-5.5BAR-NEVO-SKY_8301000007.jpg\",\"width\":800,\"height\":900},{\"@type\":\"BreadcrumbList\",\"@id\":\"https:\\\/\\\/kme.eu\\\/kme\\\/produkt\\\/czujnik-cisnienia-cct6-analog-szaro-czarny-5-5-bar\\\/#breadcrumb\",\"itemListElement\":[{\"@type\":\"ListItem\",\"position\":1,\"name\":\"Strona g\u0142\u00f3wna\",\"item\":\"https:\\\/\\\/kme.eu\\\/kme\\\/\"},{\"@type\":\"ListItem\",\"position\":2,\"name\":\"Produkty\",\"item\":\"https:\\\/\\\/kme.eu\\\/kme\\\/produkty\\\/\"},{\"@type\":\"ListItem\",\"position\":3,\"name\":\"CZUJNIK CI\u015aNIENIA CCT6 ANALOG 5.5BAR\"}]},{\"@type\":\"WebSite\",\"@id\":\"https:\\\/\\\/kme.eu\\\/kme\\\/#website\",\"url\":\"https:\\\/\\\/kme.eu\\\/kme\\\/\",\"name\":\"KME\",\"description\":\"Autogas Systems\",\"publisher\":{\"@id\":\"https:\\\/\\\/kme.eu\\\/kme\\\/#organization\"},\"potentialAction\":[{\"@type\":\"SearchAction\",\"target\":{\"@type\":\"EntryPoint\",\"urlTemplate\":\"https:\\\/\\\/kme.eu\\\/kme\\\/?s={search_term_string}\"},\"query-input\":{\"@type\":\"PropertyValueSpecification\",\"valueRequired\":true,\"valueName\":\"search_term_string\"}}],\"inLanguage\":\"pl-PL\"},{\"@type\":\"Organization\",\"@id\":\"https:\\\/\\\/kme.eu\\\/kme\\\/#organization\",\"name\":\"KME\",\"url\":\"https:\\\/\\\/kme.eu\\\/kme\\\/\",\"logo\":{\"@type\":\"ImageObject\",\"inLanguage\":\"pl-PL\",\"@id\":\"https:\\\/\\\/kme.eu\\\/kme\\\/#\\\/schema\\\/logo\\\/image\\\/\",\"url\":\"https:\\\/\\\/kme.eu\\\/kme\\\/wp-content\\\/uploads\\\/2020\\\/04\\\/logo_KME_RGB_small_200px.png\",\"contentUrl\":\"https:\\\/\\\/kme.eu\\\/kme\\\/wp-content\\\/uploads\\\/2020\\\/04\\\/logo_KME_RGB_small_200px.png\",\"width\":272,\"height\":200,\"caption\":\"KME\"},\"image\":{\"@id\":\"https:\\\/\\\/kme.eu\\\/kme\\\/#\\\/schema\\\/logo\\\/image\\\/\"},\"sameAs\":[\"https:\\\/\\\/www.facebook.com\\\/KME.LPG\\\/\",\"https:\\\/\\\/www.instagram.com\\\/kme_lpg\\\/\"]}]}<\/script>\n<!-- \/ Yoast SEO plugin. -->","yoast_head_json":{"title":"CZUJNIK CI\u015aNIENIA CCT6 ANALOG 5.5BAR - KME","robots":{"index":"index","follow":"follow","max-snippet":"max-snippet:-1","max-image-preview":"max-image-preview:large","max-video-preview":"max-video-preview:-1"},"canonical":"https:\/\/kme.eu\/kme\/produkt\/czujnik-cisnienia-cct6-analog-szaro-czarny-5-5-bar\/","og_locale":"pl_PL","og_type":"article","og_title":"CZUJNIK CI\u015aNIENIA CCT6 ANALOG 5.5BAR - KME","og_description":"Czujnik CCT6 ANALOG 5.5BAR ma szaro-czarny kolor obudowy.","og_url":"https:\/\/kme.eu\/kme\/produkt\/czujnik-cisnienia-cct6-analog-szaro-czarny-5-5-bar\/","og_site_name":"KME","article_publisher":"https:\/\/www.facebook.com\/KME.LPG\/","article_modified_time":"2023-10-18T05:19:43+00:00","og_image":[{"width":800,"height":900,"url":"https:\/\/kme.eu\/kme\/wp-content\/uploads\/2023\/10\/czujnik-cisnienia-CCT6-ANALOG-5.5BAR-NEVO-SKY_8301000007.jpg","type":"image\/jpeg"}],"twitter_card":"summary_large_image","twitter_misc":{"Szacowany czas czytania":"1 minuta"},"schema":{"@context":"https:\/\/schema.org","@graph":[{"@type":"WebPage","@id":"https:\/\/kme.eu\/kme\/produkt\/czujnik-cisnienia-cct6-analog-szaro-czarny-5-5-bar\/","url":"https:\/\/kme.eu\/kme\/produkt\/czujnik-cisnienia-cct6-analog-szaro-czarny-5-5-bar\/","name":"CZUJNIK CI\u015aNIENIA CCT6 ANALOG 5.5BAR - KME","isPartOf":{"@id":"https:\/\/kme.eu\/kme\/#website"},"primaryImageOfPage":{"@id":"https:\/\/kme.eu\/kme\/produkt\/czujnik-cisnienia-cct6-analog-szaro-czarny-5-5-bar\/#primaryimage"},"image":{"@id":"https:\/\/kme.eu\/kme\/produkt\/czujnik-cisnienia-cct6-analog-szaro-czarny-5-5-bar\/#primaryimage"},"thumbnailUrl":"https:\/\/kme.eu\/kme\/wp-content\/uploads\/2023\/10\/czujnik-cisnienia-CCT6-ANALOG-5.5BAR-NEVO-SKY_8301000007.jpg","datePublished":"2022-07-13T12:18:40+00:00","dateModified":"2023-10-18T05:19:43+00:00","breadcrumb":{"@id":"https:\/\/kme.eu\/kme\/produkt\/czujnik-cisnienia-cct6-analog-szaro-czarny-5-5-bar\/#breadcrumb"},"inLanguage":"pl-PL","potentialAction":[{"@type":"ReadAction","target":["https:\/\/kme.eu\/kme\/produkt\/czujnik-cisnienia-cct6-analog-szaro-czarny-5-5-bar\/"]}]},{"@type":"ImageObject","inLanguage":"pl-PL","@id":"https:\/\/kme.eu\/kme\/produkt\/czujnik-cisnienia-cct6-analog-szaro-czarny-5-5-bar\/#primaryimage","url":"https:\/\/kme.eu\/kme\/wp-content\/uploads\/2023\/10\/czujnik-cisnienia-CCT6-ANALOG-5.5BAR-NEVO-SKY_8301000007.jpg","contentUrl":"https:\/\/kme.eu\/kme\/wp-content\/uploads\/2023\/10\/czujnik-cisnienia-CCT6-ANALOG-5.5BAR-NEVO-SKY_8301000007.jpg","width":800,"height":900},{"@type":"BreadcrumbList","@id":"https:\/\/kme.eu\/kme\/produkt\/czujnik-cisnienia-cct6-analog-szaro-czarny-5-5-bar\/#breadcrumb","itemListElement":[{"@type":"ListItem","position":1,"name":"Strona g\u0142\u00f3wna","item":"https:\/\/kme.eu\/kme\/"},{"@type":"ListItem","position":2,"name":"Produkty","item":"https:\/\/kme.eu\/kme\/produkty\/"},{"@type":"ListItem","position":3,"name":"CZUJNIK CI\u015aNIENIA CCT6 ANALOG 5.5BAR"}]},{"@type":"WebSite","@id":"https:\/\/kme.eu\/kme\/#website","url":"https:\/\/kme.eu\/kme\/","name":"KME","description":"Autogas Systems","publisher":{"@id":"https:\/\/kme.eu\/kme\/#organization"},"potentialAction":[{"@type":"SearchAction","target":{"@type":"EntryPoint","urlTemplate":"https:\/\/kme.eu\/kme\/?s={search_term_string}"},"query-input":{"@type":"PropertyValueSpecification","valueRequired":true,"valueName":"search_term_string"}}],"inLanguage":"pl-PL"},{"@type":"Organization","@id":"https:\/\/kme.eu\/kme\/#organization","name":"KME","url":"https:\/\/kme.eu\/kme\/","logo":{"@type":"ImageObject","inLanguage":"pl-PL","@id":"https:\/\/kme.eu\/kme\/#\/schema\/logo\/image\/","url":"https:\/\/kme.eu\/kme\/wp-content\/uploads\/2020\/04\/logo_KME_RGB_small_200px.png","contentUrl":"https:\/\/kme.eu\/kme\/wp-content\/uploads\/2020\/04\/logo_KME_RGB_small_200px.png","width":272,"height":200,"caption":"KME"},"image":{"@id":"https:\/\/kme.eu\/kme\/#\/schema\/logo\/image\/"},"sameAs":["https:\/\/www.facebook.com\/KME.LPG\/","https:\/\/www.instagram.com\/kme_lpg\/"]}]}},"_links":{"self":[{"href":"https:\/\/kme.eu\/kme\/wp-json\/wp\/v2\/product\/15424","targetHints":{"allow":["GET"]}}],"collection":[{"href":"https:\/\/kme.eu\/kme\/wp-json\/wp\/v2\/product"}],"about":[{"href":"https:\/\/kme.eu\/kme\/wp-json\/wp\/v2\/types\/product"}],"wp:featuredmedia":[{"embeddable":true,"href":"https:\/\/kme.eu\/kme\/wp-json\/wp\/v2\/media\/17196"}],"wp:attachment":[{"href":"https:\/\/kme.eu\/kme\/wp-json\/wp\/v2\/media?parent=15424"}],"wp:term":[{"taxonomy":"product_brand","embeddable":true,"href":"https:\/\/kme.eu\/kme\/wp-json\/wp\/v2\/product_brand?post=15424"},{"taxonomy":"product_cat","embeddable":true,"href":"https:\/\/kme.eu\/kme\/wp-json\/wp\/v2\/product_cat?post=15424"},{"taxonomy":"product_tag","embeddable":true,"href":"https:\/\/kme.eu\/kme\/wp-json\/wp\/v2\/product_tag?post=15424"}],"curies":[{"name":"wp","href":"https:\/\/api.w.org\/{rel}","templated":true}]}}