{"id":9135,"date":"2020-08-31T09:52:06","date_gmt":"2020-08-31T07:52:06","guid":{"rendered":"https:\/\/kme.eu\/kme\/?post_type=product&#038;p=9135"},"modified":"2026-03-30T10:51:12","modified_gmt":"2026-03-30T08:51:12","slug":"sterownik-jet-eco","status":"publish","type":"product","link":"https:\/\/kme.eu\/kme\/produkt\/sterownik-jet-eco\/","title":{"rendered":"Sterownik JET ECO"},"content":{"rendered":"<h5><strong>LINIA NEVO-SKY JET<\/strong><\/h5>\n<p>Dedykowana jest do jednostek nap\u0119dowych, wyposa\u017conych w po\u015bredni wtrysk paliwa. Linia oparta jest na nowej platformie <strong>SKY<\/strong> dedykowanej do nowoczesnych jednostek nap\u0119dowych. Sterownik <strong>NEVO-SKY JET ECO<\/strong> obs\u0142uguje do 4 cyl. Oznacza to du\u017ce u\u0142atwienie dla zak\u0142ad\u00f3w montuj\u0105cych, kt\u00f3re b\u0119d\u0105 mog\u0142y korzysta\u0107 z jednego oprogramowania opartego na platformie <strong>SKY<\/strong> do wszystkich sterownik\u00f3w, kt\u00f3re oferuje rodzina <strong>NEVO-SKY<\/strong>, zaliczamy do niej r\u00f3wnie\u017c sterowniki DIRECT.<\/p>\n<p>&nbsp;<\/p>\n<h5><strong>AUTO-SETUP w 5 krokach<\/strong><\/h5>\n<p>Dla u\u0142atwienia monta\u017cu i kalibracji sterowniki z rodziny <strong>NEVO-SKY<\/strong> posiadaj\u0105 funkcje <strong>AUTO-SETUP<\/strong>, kt\u00f3ra w prosty i szybki spos\u00f3b pomaga w ustawieniu wi\u0119kszo\u015bci samochod\u00f3w.<\/p>\n<p><img loading=\"lazy\" decoding=\"async\" class=\"alignnone wp-image-7313\" src=\"https:\/\/mucha.sobnet.eu\/kme\/wp-content\/uploads\/2020\/06\/5-krokow-300x91.jpg\" alt=\"\" width=\"705\" height=\"214\" srcset=\"https:\/\/kme.eu\/kme\/wp-content\/uploads\/2020\/06\/5-krokow-300x91.jpg 300w, https:\/\/kme.eu\/kme\/wp-content\/uploads\/2020\/06\/5-krokow-600x182.jpg 600w, https:\/\/kme.eu\/kme\/wp-content\/uploads\/2020\/06\/5-krokow-1024x310.jpg 1024w, https:\/\/kme.eu\/kme\/wp-content\/uploads\/2020\/06\/5-krokow-768x232.jpg 768w, https:\/\/kme.eu\/kme\/wp-content\/uploads\/2020\/06\/5-krokow.jpg 1147w\" sizes=\"auto, (max-width: 705px) 100vw, 705px\" \/><\/p>\n<h5><strong>SYSTEM EKSPERCKI SKY<\/strong><\/h5>\n<p>Rodzina <strong>NEVO-SKY<\/strong>, do kt\u00f3rej nale\u017cny linia produkt\u00f3w <strong>JET<\/strong> wsp\u00f3\u0142pracuje z oprogramowaniem <strong>NEVO-SKY<\/strong>, kt\u00f3re zosta\u0142o wyposa\u017cone w zaawansowany <strong>SYSTEM EKSPERCKI SKY<\/strong> s\u0142u\u017c\u0105cy do automatycznego wykrywania nieprawid\u0142owo\u015bci w ustawieniach i pracy systemu gazowego. System ten generuje podpowiedzi\/ostrze\u017cenia, sugeruje rozwi\u0105zania. Ka\u017cdorazowe wyst\u0105pienie ostrze\u017cenia powoduje uruchomienie sygnalizacji d\u017awi\u0119kowej, tak by nie przeoczy\u0107 momentu pojawienia si\u0119 udzielanej wskaz\u00f3wki. Z ka\u017cdym wydaniem programu <strong>SYSTEM EKSPERCKI <\/strong><strong>SKY <\/strong>ma rozszerzana baz\u0119 wiedzy, aby pomaga\u0107 w kalibracji aut.<\/p>\n<p>&nbsp;<\/p>\n<div class=\"sdm_download_button_box_default\"><div class=\"sdm_download_link\"><a href=\"https:\/\/kme.eu\/kme\/?sdm_process_download=1&download_id=7714\" class=\"sdm_download orange\" title=\"JET linia produkt\u00f3w &#8211; karta produktu\" target=&quot;_blank&quot;>Pobierz kart\u0119 produkt\u00f3w linii NEVO-SKY JET<\/a><\/div><\/div><br \/>\n<script>\n   $(window).on('load', function(){\n      $(\".sdm_download\").each(function( index, element ){\n         console.log($(this));\n         $(this).attr('target','_blank');\n      });\n   });\n<\/script><\/p>\n","protected":false},"excerpt":{"rendered":"<p><strong>NEVO-SKY JET ECO <\/strong>dedykowany jest do jednostek nap\u0119dowych, wyposa\u017conych w po\u015bredni wtrysk paliwa, obs\u0142uguje do <strong>4 cyl<\/strong>.<\/p>\n","protected":false},"featured_media":9139,"template":"","meta":[],"product_brand":[],"product_cat":[150],"product_tag":[240,315,235,239],"class_list":{"0":"post-9135","1":"product","2":"type-product","3":"status-publish","4":"has-post-thumbnail","6":"product_cat-sterowniki","7":"product_tag-jet","8":"product_tag-nevo-sky","9":"product_tag-nowosc","10":"product_tag-wtrysk-posredni","12":"first","13":"instock","14":"shipping-taxable","15":"product-type-grouped"},"acf":[],"yoast_head":"<!-- This site is optimized with the Yoast SEO plugin v27.4 - https:\/\/yoast.com\/product\/yoast-seo-wordpress\/ -->\n<title>Sterownik JET ECO - KME<\/title>\n<meta name=\"robots\" content=\"index, follow, max-snippet:-1, max-image-preview:large, max-video-preview:-1\" \/>\n<link rel=\"canonical\" href=\"https:\/\/kme.eu\/kme\/produkt\/sterownik-jet-eco\/\" \/>\n<meta property=\"og:locale\" content=\"pl_PL\" \/>\n<meta property=\"og:type\" content=\"article\" \/>\n<meta property=\"og:title\" content=\"Sterownik JET ECO - KME\" \/>\n<meta property=\"og:description\" content=\"NEVO-SKY JET ECO dedykowany jest do jednostek nap\u0119dowych, wyposa\u017conych w po\u015bredni wtrysk paliwa, obs\u0142uguje do 4 cyl.\" \/>\n<meta property=\"og:url\" content=\"https:\/\/kme.eu\/kme\/produkt\/sterownik-jet-eco\/\" \/>\n<meta property=\"og:site_name\" content=\"KME\" \/>\n<meta property=\"article:publisher\" content=\"https:\/\/www.facebook.com\/KME.LPG\/\" \/>\n<meta property=\"article:modified_time\" content=\"2026-03-30T08:51:12+00:00\" \/>\n<meta property=\"og:image\" content=\"https:\/\/kme.eu\/kme\/wp-content\/uploads\/2020\/08\/sterownik_JET_ECO_900px_RGB.jpg\" \/>\n\t<meta property=\"og:image:width\" content=\"800\" \/>\n\t<meta property=\"og:image:height\" content=\"809\" \/>\n\t<meta property=\"og:image:type\" content=\"image\/jpeg\" \/>\n<meta name=\"twitter:card\" content=\"summary_large_image\" \/>\n<meta name=\"twitter:label1\" content=\"Szacowany czas czytania\" \/>\n\t<meta name=\"twitter:data1\" content=\"2 minuty\" \/>\n<script type=\"application\/ld+json\" class=\"yoast-schema-graph\">{\"@context\":\"https:\\\/\\\/schema.org\",\"@graph\":[{\"@type\":\"WebPage\",\"@id\":\"https:\\\/\\\/kme.eu\\\/kme\\\/produkt\\\/sterownik-jet-eco\\\/\",\"url\":\"https:\\\/\\\/kme.eu\\\/kme\\\/produkt\\\/sterownik-jet-eco\\\/\",\"name\":\"Sterownik JET ECO - KME\",\"isPartOf\":{\"@id\":\"https:\\\/\\\/kme.eu\\\/kme\\\/#website\"},\"primaryImageOfPage\":{\"@id\":\"https:\\\/\\\/kme.eu\\\/kme\\\/produkt\\\/sterownik-jet-eco\\\/#primaryimage\"},\"image\":{\"@id\":\"https:\\\/\\\/kme.eu\\\/kme\\\/produkt\\\/sterownik-jet-eco\\\/#primaryimage\"},\"thumbnailUrl\":\"https:\\\/\\\/kme.eu\\\/kme\\\/wp-content\\\/uploads\\\/2020\\\/08\\\/sterownik_JET_ECO_900px_RGB.jpg\",\"datePublished\":\"2020-08-31T07:52:06+00:00\",\"dateModified\":\"2026-03-30T08:51:12+00:00\",\"breadcrumb\":{\"@id\":\"https:\\\/\\\/kme.eu\\\/kme\\\/produkt\\\/sterownik-jet-eco\\\/#breadcrumb\"},\"inLanguage\":\"pl-PL\",\"potentialAction\":[{\"@type\":\"ReadAction\",\"target\":[\"https:\\\/\\\/kme.eu\\\/kme\\\/produkt\\\/sterownik-jet-eco\\\/\"]}]},{\"@type\":\"ImageObject\",\"inLanguage\":\"pl-PL\",\"@id\":\"https:\\\/\\\/kme.eu\\\/kme\\\/produkt\\\/sterownik-jet-eco\\\/#primaryimage\",\"url\":\"https:\\\/\\\/kme.eu\\\/kme\\\/wp-content\\\/uploads\\\/2020\\\/08\\\/sterownik_JET_ECO_900px_RGB.jpg\",\"contentUrl\":\"https:\\\/\\\/kme.eu\\\/kme\\\/wp-content\\\/uploads\\\/2020\\\/08\\\/sterownik_JET_ECO_900px_RGB.jpg\",\"width\":800,\"height\":809,\"caption\":\"JET_ECO\"},{\"@type\":\"BreadcrumbList\",\"@id\":\"https:\\\/\\\/kme.eu\\\/kme\\\/produkt\\\/sterownik-jet-eco\\\/#breadcrumb\",\"itemListElement\":[{\"@type\":\"ListItem\",\"position\":1,\"name\":\"Strona g\u0142\u00f3wna\",\"item\":\"https:\\\/\\\/kme.eu\\\/kme\\\/\"},{\"@type\":\"ListItem\",\"position\":2,\"name\":\"Produkty\",\"item\":\"https:\\\/\\\/kme.eu\\\/kme\\\/produkty\\\/\"},{\"@type\":\"ListItem\",\"position\":3,\"name\":\"Sterownik JET ECO\"}]},{\"@type\":\"WebSite\",\"@id\":\"https:\\\/\\\/kme.eu\\\/kme\\\/#website\",\"url\":\"https:\\\/\\\/kme.eu\\\/kme\\\/\",\"name\":\"KME\",\"description\":\"Autogas Systems\",\"publisher\":{\"@id\":\"https:\\\/\\\/kme.eu\\\/kme\\\/#organization\"},\"potentialAction\":[{\"@type\":\"SearchAction\",\"target\":{\"@type\":\"EntryPoint\",\"urlTemplate\":\"https:\\\/\\\/kme.eu\\\/kme\\\/?s={search_term_string}\"},\"query-input\":{\"@type\":\"PropertyValueSpecification\",\"valueRequired\":true,\"valueName\":\"search_term_string\"}}],\"inLanguage\":\"pl-PL\"},{\"@type\":\"Organization\",\"@id\":\"https:\\\/\\\/kme.eu\\\/kme\\\/#organization\",\"name\":\"KME\",\"url\":\"https:\\\/\\\/kme.eu\\\/kme\\\/\",\"logo\":{\"@type\":\"ImageObject\",\"inLanguage\":\"pl-PL\",\"@id\":\"https:\\\/\\\/kme.eu\\\/kme\\\/#\\\/schema\\\/logo\\\/image\\\/\",\"url\":\"https:\\\/\\\/kme.eu\\\/kme\\\/wp-content\\\/uploads\\\/2020\\\/04\\\/logo_KME_RGB_small_200px.png\",\"contentUrl\":\"https:\\\/\\\/kme.eu\\\/kme\\\/wp-content\\\/uploads\\\/2020\\\/04\\\/logo_KME_RGB_small_200px.png\",\"width\":272,\"height\":200,\"caption\":\"KME\"},\"image\":{\"@id\":\"https:\\\/\\\/kme.eu\\\/kme\\\/#\\\/schema\\\/logo\\\/image\\\/\"},\"sameAs\":[\"https:\\\/\\\/www.facebook.com\\\/KME.LPG\\\/\",\"https:\\\/\\\/www.instagram.com\\\/kme_lpg\\\/\"]}]}<\/script>\n<!-- \/ Yoast SEO plugin. -->","yoast_head_json":{"title":"Sterownik JET ECO - KME","robots":{"index":"index","follow":"follow","max-snippet":"max-snippet:-1","max-image-preview":"max-image-preview:large","max-video-preview":"max-video-preview:-1"},"canonical":"https:\/\/kme.eu\/kme\/produkt\/sterownik-jet-eco\/","og_locale":"pl_PL","og_type":"article","og_title":"Sterownik JET ECO - KME","og_description":"NEVO-SKY JET ECO dedykowany jest do jednostek nap\u0119dowych, wyposa\u017conych w po\u015bredni wtrysk paliwa, obs\u0142uguje do 4 cyl.","og_url":"https:\/\/kme.eu\/kme\/produkt\/sterownik-jet-eco\/","og_site_name":"KME","article_publisher":"https:\/\/www.facebook.com\/KME.LPG\/","article_modified_time":"2026-03-30T08:51:12+00:00","og_image":[{"width":800,"height":809,"url":"https:\/\/kme.eu\/kme\/wp-content\/uploads\/2020\/08\/sterownik_JET_ECO_900px_RGB.jpg","type":"image\/jpeg"}],"twitter_card":"summary_large_image","twitter_misc":{"Szacowany czas czytania":"2 minuty"},"schema":{"@context":"https:\/\/schema.org","@graph":[{"@type":"WebPage","@id":"https:\/\/kme.eu\/kme\/produkt\/sterownik-jet-eco\/","url":"https:\/\/kme.eu\/kme\/produkt\/sterownik-jet-eco\/","name":"Sterownik JET ECO - KME","isPartOf":{"@id":"https:\/\/kme.eu\/kme\/#website"},"primaryImageOfPage":{"@id":"https:\/\/kme.eu\/kme\/produkt\/sterownik-jet-eco\/#primaryimage"},"image":{"@id":"https:\/\/kme.eu\/kme\/produkt\/sterownik-jet-eco\/#primaryimage"},"thumbnailUrl":"https:\/\/kme.eu\/kme\/wp-content\/uploads\/2020\/08\/sterownik_JET_ECO_900px_RGB.jpg","datePublished":"2020-08-31T07:52:06+00:00","dateModified":"2026-03-30T08:51:12+00:00","breadcrumb":{"@id":"https:\/\/kme.eu\/kme\/produkt\/sterownik-jet-eco\/#breadcrumb"},"inLanguage":"pl-PL","potentialAction":[{"@type":"ReadAction","target":["https:\/\/kme.eu\/kme\/produkt\/sterownik-jet-eco\/"]}]},{"@type":"ImageObject","inLanguage":"pl-PL","@id":"https:\/\/kme.eu\/kme\/produkt\/sterownik-jet-eco\/#primaryimage","url":"https:\/\/kme.eu\/kme\/wp-content\/uploads\/2020\/08\/sterownik_JET_ECO_900px_RGB.jpg","contentUrl":"https:\/\/kme.eu\/kme\/wp-content\/uploads\/2020\/08\/sterownik_JET_ECO_900px_RGB.jpg","width":800,"height":809,"caption":"JET_ECO"},{"@type":"BreadcrumbList","@id":"https:\/\/kme.eu\/kme\/produkt\/sterownik-jet-eco\/#breadcrumb","itemListElement":[{"@type":"ListItem","position":1,"name":"Strona g\u0142\u00f3wna","item":"https:\/\/kme.eu\/kme\/"},{"@type":"ListItem","position":2,"name":"Produkty","item":"https:\/\/kme.eu\/kme\/produkty\/"},{"@type":"ListItem","position":3,"name":"Sterownik JET ECO"}]},{"@type":"WebSite","@id":"https:\/\/kme.eu\/kme\/#website","url":"https:\/\/kme.eu\/kme\/","name":"KME","description":"Autogas Systems","publisher":{"@id":"https:\/\/kme.eu\/kme\/#organization"},"potentialAction":[{"@type":"SearchAction","target":{"@type":"EntryPoint","urlTemplate":"https:\/\/kme.eu\/kme\/?s={search_term_string}"},"query-input":{"@type":"PropertyValueSpecification","valueRequired":true,"valueName":"search_term_string"}}],"inLanguage":"pl-PL"},{"@type":"Organization","@id":"https:\/\/kme.eu\/kme\/#organization","name":"KME","url":"https:\/\/kme.eu\/kme\/","logo":{"@type":"ImageObject","inLanguage":"pl-PL","@id":"https:\/\/kme.eu\/kme\/#\/schema\/logo\/image\/","url":"https:\/\/kme.eu\/kme\/wp-content\/uploads\/2020\/04\/logo_KME_RGB_small_200px.png","contentUrl":"https:\/\/kme.eu\/kme\/wp-content\/uploads\/2020\/04\/logo_KME_RGB_small_200px.png","width":272,"height":200,"caption":"KME"},"image":{"@id":"https:\/\/kme.eu\/kme\/#\/schema\/logo\/image\/"},"sameAs":["https:\/\/www.facebook.com\/KME.LPG\/","https:\/\/www.instagram.com\/kme_lpg\/"]}]}},"_links":{"self":[{"href":"https:\/\/kme.eu\/kme\/wp-json\/wp\/v2\/product\/9135","targetHints":{"allow":["GET"]}}],"collection":[{"href":"https:\/\/kme.eu\/kme\/wp-json\/wp\/v2\/product"}],"about":[{"href":"https:\/\/kme.eu\/kme\/wp-json\/wp\/v2\/types\/product"}],"wp:featuredmedia":[{"embeddable":true,"href":"https:\/\/kme.eu\/kme\/wp-json\/wp\/v2\/media\/9139"}],"wp:attachment":[{"href":"https:\/\/kme.eu\/kme\/wp-json\/wp\/v2\/media?parent=9135"}],"wp:term":[{"taxonomy":"product_brand","embeddable":true,"href":"https:\/\/kme.eu\/kme\/wp-json\/wp\/v2\/product_brand?post=9135"},{"taxonomy":"product_cat","embeddable":true,"href":"https:\/\/kme.eu\/kme\/wp-json\/wp\/v2\/product_cat?post=9135"},{"taxonomy":"product_tag","embeddable":true,"href":"https:\/\/kme.eu\/kme\/wp-json\/wp\/v2\/product_tag?post=9135"}],"curies":[{"name":"wp","href":"https:\/\/api.w.org\/{rel}","templated":true}]}}