{"id":9621,"date":"2020-10-09T14:19:22","date_gmt":"2020-10-09T12:19:22","guid":{"rendered":"https:\/\/kme.eu\/kme\/?post_type=product&#038;p=9621"},"modified":"2026-03-30T10:29:06","modified_gmt":"2026-03-30T08:29:06","slug":"filtr-fazy-lotnej-kme","status":"publish","type":"product","link":"https:\/\/kme.eu\/kme\/produkt\/filtr-fazy-lotnej-kme\/","title":{"rendered":"FILTR FAZY LOTNEJ KME"},"content":{"rendered":"<h5><b>Filtr fazy lotnej z wymiennym wk\u0142adem z w\u0142\u00f3kna szklanego ob\u0142o\u017conego dwustronnie warstw\u0105 poliestru.<\/b><\/h5>\n<p>KME proponuje w swoich kompletnych zestawach monta\u017cowych wysokiej jako\u015bci filtry fazy lotnej. Filtr montowany jest pomi\u0119dzy reduktorem\/parownikiem a wtryskiwaczami i ma za zadanie filtrowa\u0107 pozosta\u0142o\u015bci nieczysto\u015bci zawartych w LPG, kt\u00f3re nie s\u0105 mo\u017cliwe do wychwycenia przed rozpr\u0119\u017ceniem gazu.<\/p>\n<p>Filtr powinien zosta\u0107 zamontowany w miejscu umo\u017cliwiaj\u0105cym jego \u0142atwe serwisowanie, kt\u00f3re polega na wypi\u0119ciu zawleczki zabezpieczaj\u0105cej, wymianie wk\u0142adu, zatrza\u015bni\u0119ciu obudowy i naklejeniu nowej naklejki z podaniem przebiegu, przy kt\u00f3rym zaleca si\u0119 kolejna wymian\u0119. Wszystkie niezb\u0119dne elementy razem z metalizowan\u0105 naklejk\u0105 znajduj\u0105 si\u0119 w komplecie stanowi\u0105cym zestaw serwisowy.<\/p>\n<p>Sercem filtra jest oczywi\u015bcie materia\u0142 filtruj\u0105cy. Dlaczego jako jedyny polski producent system\u00f3w wtrysku gazu stosujemy tak\u0105 skomplikowan\u0105 technologi\u0119? Jest to idealne po\u0142\u0105czenie skuteczno\u015bci, ch\u0142onno\u015bci, oporu przep\u0142ywu i ceny. Ostatni parametr jest \u0142atwy do zrozumienia, natomiast poni\u017cej spr\u00f3bujemy wyja\u015bni\u0107 na czym polegaj\u0105 zalety tego filtra od strony bardziej technicznej, korzystaj\u0105c z informacji otrzymanych bezpo\u015brednio od producenta filtr\u00f3w.<\/p>\n<h5><strong>Podstawowe definicje<\/strong><\/h5>\n<p><strong>Filtr<\/strong><br \/>\nJest to urz\u0105dzenie s\u0142u\u017c\u0105ce do oddzielania cia\u0142 sta\u0142ych od cieczy i gaz\u00f3w za pomoc\u0105 jednej lub kilku przegr\u00f3d porowatych, zatrzymuj\u0105cych cia\u0142a sta\u0142e, a przepuszczaj\u0105cych ciecze i gazy.<\/p>\n<p><strong>Filtracja<\/strong><br \/>\nMetoda oddzielania substancji sta\u0142ych od cieczy i gaz\u00f3w poprzez mechaniczne zatrzymywanie jednej z substancji. Ciecz lub gaz uwolniony w procesie filtrowania cz\u0119\u015bciowo lub ca\u0142kowicie od cz\u0105stek sta\u0142ych nazywamy filtratem.<\/p>\n<p><strong>Skuteczno\u015b\u0107<\/strong><br \/>\nSkuteczno\u015b\u0107 (efektywno\u015b\u0107) oczyszczania to zdolno\u015b\u0107 do wychwytywania cz\u0105steczek zanieczyszcze\u0144 o okre\u015blonych rozmiarach. Jest to stosunek masy cz\u0105stek zanieczyszcze\u0144, kt\u00f3re s\u0105 przechwytywane przez filtr do masy wszystkich cz\u0105stek dostarczonych do filtra. Parametr skuteczno\u015bci wyra\u017camy w % (max 100%).<\/p>\n<p><strong>Ch\u0142onno\u015b\u0107<\/strong><br \/>\nCh\u0142onno\u015b\u0107 (r\u00f3wnie\u017c zwana pojemno\u015bci\u0105) jest to zdolno\u015b\u0107 do poch\u0142oni\u0119cia okre\u015blonej ilo\u015bci zanieczyszcze\u0144, nie powoduj\u0105c przy tym spadku ci\u015bnienia p\u0142ynu eksploatacyjnego ponad maksymaln\u0105 dopuszczaln\u0105 warto\u015b\u0107.<\/p>\n<p><strong>Przepustowo\u015b\u0107<\/strong><br \/>\nJest to ilo\u015b\u0107 p\u0142ynu eksploatacyjnego, kt\u00f3ra przechodzi przez dan\u0105 powierzchni\u0119 filtra w jednostce czasu, czyli zdolno\u015b\u0107 do przepuszczania p\u0142ynu eksploatacyjnego.<\/p>\n<p><strong>Op\u00f3r przep\u0142ywu<\/strong><br \/>\nP\u0142yn eksploatacyjny przechodz\u0105c przez filtr napotyka na op\u00f3r, kt\u00f3ry stawia materia\u0142 filtracyjny. Parametr ten jest okre\u015blany, jako r\u00f3\u017cnica ci\u015bnienia przed i za filtrem.<\/p>\n<p><strong>Wsp\u00f3\u0142czynnik &#8222;Beta&#8221;<\/strong><br \/>\nJest to ilo\u015b\u0107 cz\u0105stek zanieczyszcze\u0144 znajduj\u0105cych sie w p\u0142ynie eksploatacyjnym przed medium podzielona przez ilo\u015b\u0107 cz\u0105stek za medium. Mo\u017cna okre\u015bli\u0107 wsp\u00f3\u0142czynnik &#8222;Beta&#8221; dla ka\u017cdego mierzonego zakresu \u015brednic cz\u0105stek.<br \/>\n&#8222;Beta&#8221; = ilo\u015b\u0107 cz\u0105stek przed medium \/ ilo\u015b\u0107 cz\u0105stek za medium<br \/>\n[1-(1\/Beta)]x100 = skuteczno\u015b\u0107<\/p>\n<h5><strong>Mikroskopowe zdj\u0119cia przyk\u0142adowych materia\u0142\u00f3w<\/strong><\/h5>\n<p><img loading=\"lazy\" decoding=\"async\" class=\"alignnone wp-image-9624 size-full\" src=\"https:\/\/kme.eu\/kme\/wp-content\/uploads\/2020\/10\/filters001_180.png\" alt=\"\" width=\"794\" height=\"170\" srcset=\"https:\/\/kme.eu\/kme\/wp-content\/uploads\/2020\/10\/filters001_180.png 794w, https:\/\/kme.eu\/kme\/wp-content\/uploads\/2020\/10\/filters001_180-300x64.png 300w, https:\/\/kme.eu\/kme\/wp-content\/uploads\/2020\/10\/filters001_180-768x164.png 768w, https:\/\/kme.eu\/kme\/wp-content\/uploads\/2020\/10\/filters001_180-600x128.png 600w\" sizes=\"auto, (max-width: 794px) 100vw, 794px\" \/><br \/>\nJako przegrod\u0119 filtracyjn\u0105 najcz\u0119\u015bciej stosowany jest materia\u0142 oparty na celulozie (papier) z r\u00f3\u017cnymi dodatkami, kt\u00f3re wp\u0142ywaj\u0105 na w\u0142a\u015bciwo\u015bci i w zwi\u0105zku z tym na zastosowanie danego materia\u0142u jako przegrody filtracyjnej. Odpowiedni dob\u00f3r komponent\u00f3w materia\u0142u filtracyjnego ma zasadnicze znaczenie dla parametr\u00f3w filtracji. W zale\u017cno\u015bci od tego co b\u0119dzie filtrowane, jak d\u0142ugo, w jakich warunkach oraz z jak\u0105 dok\u0142adno\u015bci\u0105, nale\u017cy dobra\u0107 odpowiedni materia\u0142 filtracyjny. Dobieraj\u0105c kombinacje r\u00f3\u017cnych w\u0142\u00f3kien celulozy oraz nasycaj\u0105c je odpowiednimi substancjami, najcz\u0119\u015bciej \u017cywicami, mo\u017cemy regulowa\u0107 w\u0142a\u015bciwo\u015bciami filtracyjnymi danego medium i dobra\u0107 najodpowiedniejszy materia\u0142 o parametrach spe\u0142niaj\u0105cych wymagania dla danego filtra.<strong><br \/>\n<\/strong><\/p>\n<h5><strong>Zasady doboru materia\u0142u filtracyjnego<\/strong><\/h5>\n<p>Opr\u00f3cz parametr\u00f3w czysto filtracyjnych jak przepuszczalno\u015b\u0107, spadek ci\u015bnienia, porowato\u015b\u0107 czy skuteczno\u015b\u0107 filtracji bardzo wa\u017cnym elementem jest odporno\u015b\u0107 na czynniki zewn\u0119trzne (wilgo\u0107, temperatura, substancje chemiczne, odporno\u015b\u0107 ogniowa), kt\u00f3r\u0105 mo\u017cemy regulowa\u0107 poprzez nas\u0105czanie papier\u00f3w filtracyjnych substancjami chemicznymi (np. \u017cywice, olej) wp\u0142ywaj\u0105cymi na te w\u0142a\u015bciwo\u015bci.<\/p>\n<p>Wszystkie powy\u017csze elementy doboru sprowadzaj\u0105 sie do jednego celu: aby medium filtracyjne spe\u0142nia\u0142o wszystkie parametry, kt\u00f3re za\u0142o\u017cyli\u015bmy, \u017ce b\u0119d\u0105 najodpowiedniejsze do danego filtra i \u017ce filtr b\u0119dzie spe\u0142nia\u0142 najwy\u017csze wymagania, kt\u00f3re stawia wsp\u00f3\u0142czesny rynek.<\/p>\n<p>Standardowe materia\u0142y filtracyjne stosowane w filtrach przegrodowych podlegaj\u0105 kilku zasadom:<br \/>\n&#8211; im materia\u0142 filtracyjny ma wi\u0119ksz\u0105 powierzchni\u0119, grubo\u015b\u0107 i przepuszczalno\u015b\u0107, tym wi\u0119ksza jest ch\u0142onno\u015b\u0107 (pojemno\u015b\u0107)<br \/>\n&#8211; czym g\u0119stszy materia\u0142, tym wi\u0119ksza jest jego skuteczno\u015b\u0107<br \/>\n&#8211; im mniejsze opory, tym wi\u0119ksza przepuszczalno\u015b\u0107,<br \/>\n&#8211; ma\u0142a g\u0119sto\u015b\u0107 daje du\u017c\u0105 pojemno\u015b\u0107 i na odwr\u00f3t,<br \/>\n&#8211; im wi\u0119ksza skuteczno\u015b\u0107 tym mniejsza pojemno\u015b\u0107.<\/p>\n<p>Teoretycznie idealne medium filtracyjne to takie, kt\u00f3re cechowa\u0142oby sie 100% skuteczno\u015bci\u0105 usuwania wszelkiego typu zanieczyszcze\u0144 i jednocze\u015bnie charakteryzowa\u0142oby sie niesko\u0144czon\u0105 ch\u0142onno\u015bci\u0105 i trwa\u0142o\u015bci\u0105. Jest to niemo\u017cliwe do osi\u0105gni\u0119cia, jednak d\u0105\u017cy si\u0119 do stosowania rozwi\u0105za\u0144, kt\u00f3re w jak najwy\u017cszym stopniu mog\u0105 spe\u0142ni\u0107 powy\u017csze warunki. Projektuj\u0105c filtry i wk\u0142ady filtr\u00f3w stara sie zapewni\u0107 jak najwi\u0119ksz\u0105 skuteczno\u015b\u0107 oraz najwi\u0119ksz\u0105 z mo\u017cliwych pojemno\u015bci filtra, przy jednoczesnym zachowaniu du\u017cej przepustowo\u015bci i niskiego oporu przep\u0142ywu.<\/p>\n<h5><strong>Tabela parametr\u00f3w materia\u0142\u00f3w filtracyjnych<\/strong><\/h5>\n<p><img loading=\"lazy\" decoding=\"async\" class=\"alignnone wp-image-9623 size-full\" src=\"https:\/\/kme.eu\/kme\/wp-content\/uploads\/2020\/10\/filtr_tabela.jpg\" alt=\"\" width=\"627\" height=\"465\" srcset=\"https:\/\/kme.eu\/kme\/wp-content\/uploads\/2020\/10\/filtr_tabela.jpg 627w, https:\/\/kme.eu\/kme\/wp-content\/uploads\/2020\/10\/filtr_tabela-300x222.jpg 300w, https:\/\/kme.eu\/kme\/wp-content\/uploads\/2020\/10\/filtr_tabela-600x445.jpg 600w\" sizes=\"auto, (max-width: 627px) 100vw, 627px\" \/><\/p>\n<h5><strong>Wnioski<\/strong><\/h5>\n<p>Jak z powy\u017cszego wynika, najlepszym materia\u0142em filtruj\u0105cym jest w\u0142\u00f3kno szklane, kt\u00f3re:<br \/>\n&#8211; uzyskuje najwi\u0119ksz\u0105 skuteczno\u015b\u0107 filtracji czyli efektywno\u015b\u0107,<br \/>\n&#8211; wykazuje odporno\u015b\u0107 na wszelkiego rodzaju czynniki zewn\u0119trzne takie jak: wilgo\u0107, temperatura, substancje chemiczne i odporno\u015b\u0107 ogniowa.<\/p>\n<p><em><strong>W filtrach KME zastosowano w\u0142\u00f3kno szklane ob\u0142o\u017cone dwustronnie warstw\u0105 poliestru, aby uzyska\u0107 najwi\u0119ksz\u0105 skuteczno\u015b\u0107 filtracji i odporno\u015b\u0107 na czynniki zewn\u0119trzne.<\/strong><\/em><br \/>\n<script>\n   $(window).on('load', function(){\n      $(\".sdm_download\").each(function( index, element ){\n         console.log($(this));\n         $(this).attr('target','_blank');\n      });\n   });\n<\/script><\/p>\n","protected":false},"excerpt":{"rendered":"<p>Filtr fazy lotnej z wymiennym wk\u0142adem z w\u0142\u00f3kna szklanego ob\u0142o\u017conego dwustronnie warstw\u0105 poliestru<\/p>\n","protected":false},"featured_media":9610,"template":"","meta":[],"product_brand":[],"product_cat":[152],"product_tag":[],"class_list":{"0":"post-9621","1":"product","2":"type-product","3":"status-publish","4":"has-post-thumbnail","6":"product_cat-akcesoria","8":"first","9":"instock","10":"shipping-taxable","11":"product-type-simple"},"acf":[],"yoast_head":"<!-- This site is optimized with the Yoast SEO plugin v27.6 - https:\/\/yoast.com\/product\/yoast-seo-wordpress\/ -->\n<title>FILTR FAZY LOTNEJ KME - KME<\/title>\n<meta name=\"robots\" content=\"index, follow, max-snippet:-1, max-image-preview:large, max-video-preview:-1\" \/>\n<link rel=\"canonical\" href=\"https:\/\/kme.eu\/kme\/produkt\/filtr-fazy-lotnej-kme\/\" \/>\n<meta property=\"og:locale\" content=\"pl_PL\" \/>\n<meta property=\"og:type\" content=\"article\" \/>\n<meta property=\"og:title\" content=\"FILTR FAZY LOTNEJ KME - KME\" \/>\n<meta property=\"og:description\" content=\"Filtr fazy lotnej z wymiennym wk\u0142adem z w\u0142\u00f3kna szklanego ob\u0142o\u017conego dwustronnie warstw\u0105 poliestru\" \/>\n<meta property=\"og:url\" content=\"https:\/\/kme.eu\/kme\/produkt\/filtr-fazy-lotnej-kme\/\" \/>\n<meta property=\"og:site_name\" content=\"KME\" \/>\n<meta property=\"article:publisher\" content=\"https:\/\/www.facebook.com\/KME.LPG\/\" \/>\n<meta property=\"article:modified_time\" content=\"2026-03-30T08:29:06+00:00\" \/>\n<meta property=\"og:image\" content=\"https:\/\/kme.eu\/kme\/wp-content\/uploads\/2020\/10\/Akcesoria_filtr.jpg\" \/>\n\t<meta property=\"og:image:width\" content=\"800\" \/>\n\t<meta property=\"og:image:height\" content=\"900\" \/>\n\t<meta property=\"og:image:type\" content=\"image\/jpeg\" \/>\n<meta name=\"twitter:card\" content=\"summary_large_image\" \/>\n<meta name=\"twitter:label1\" content=\"Szacowany czas czytania\" \/>\n\t<meta name=\"twitter:data1\" content=\"5 minut\" \/>\n<script type=\"application\/ld+json\" class=\"yoast-schema-graph\">{\"@context\":\"https:\\\/\\\/schema.org\",\"@graph\":[{\"@type\":\"WebPage\",\"@id\":\"https:\\\/\\\/kme.eu\\\/kme\\\/produkt\\\/filtr-fazy-lotnej-kme\\\/\",\"url\":\"https:\\\/\\\/kme.eu\\\/kme\\\/produkt\\\/filtr-fazy-lotnej-kme\\\/\",\"name\":\"FILTR FAZY LOTNEJ KME - KME\",\"isPartOf\":{\"@id\":\"https:\\\/\\\/kme.eu\\\/kme\\\/#website\"},\"primaryImageOfPage\":{\"@id\":\"https:\\\/\\\/kme.eu\\\/kme\\\/produkt\\\/filtr-fazy-lotnej-kme\\\/#primaryimage\"},\"image\":{\"@id\":\"https:\\\/\\\/kme.eu\\\/kme\\\/produkt\\\/filtr-fazy-lotnej-kme\\\/#primaryimage\"},\"thumbnailUrl\":\"https:\\\/\\\/kme.eu\\\/kme\\\/wp-content\\\/uploads\\\/2020\\\/10\\\/Akcesoria_filtr.jpg\",\"datePublished\":\"2020-10-09T12:19:22+00:00\",\"dateModified\":\"2026-03-30T08:29:06+00:00\",\"breadcrumb\":{\"@id\":\"https:\\\/\\\/kme.eu\\\/kme\\\/produkt\\\/filtr-fazy-lotnej-kme\\\/#breadcrumb\"},\"inLanguage\":\"pl-PL\",\"potentialAction\":[{\"@type\":\"ReadAction\",\"target\":[\"https:\\\/\\\/kme.eu\\\/kme\\\/produkt\\\/filtr-fazy-lotnej-kme\\\/\"]}]},{\"@type\":\"ImageObject\",\"inLanguage\":\"pl-PL\",\"@id\":\"https:\\\/\\\/kme.eu\\\/kme\\\/produkt\\\/filtr-fazy-lotnej-kme\\\/#primaryimage\",\"url\":\"https:\\\/\\\/kme.eu\\\/kme\\\/wp-content\\\/uploads\\\/2020\\\/10\\\/Akcesoria_filtr.jpg\",\"contentUrl\":\"https:\\\/\\\/kme.eu\\\/kme\\\/wp-content\\\/uploads\\\/2020\\\/10\\\/Akcesoria_filtr.jpg\",\"width\":800,\"height\":900},{\"@type\":\"BreadcrumbList\",\"@id\":\"https:\\\/\\\/kme.eu\\\/kme\\\/produkt\\\/filtr-fazy-lotnej-kme\\\/#breadcrumb\",\"itemListElement\":[{\"@type\":\"ListItem\",\"position\":1,\"name\":\"Strona g\u0142\u00f3wna\",\"item\":\"https:\\\/\\\/kme.eu\\\/kme\\\/\"},{\"@type\":\"ListItem\",\"position\":2,\"name\":\"Produkty\",\"item\":\"https:\\\/\\\/kme.eu\\\/kme\\\/produkty\\\/\"},{\"@type\":\"ListItem\",\"position\":3,\"name\":\"FILTR FAZY LOTNEJ KME\"}]},{\"@type\":\"WebSite\",\"@id\":\"https:\\\/\\\/kme.eu\\\/kme\\\/#website\",\"url\":\"https:\\\/\\\/kme.eu\\\/kme\\\/\",\"name\":\"KME\",\"description\":\"Autogas Systems\",\"publisher\":{\"@id\":\"https:\\\/\\\/kme.eu\\\/kme\\\/#organization\"},\"potentialAction\":[{\"@type\":\"SearchAction\",\"target\":{\"@type\":\"EntryPoint\",\"urlTemplate\":\"https:\\\/\\\/kme.eu\\\/kme\\\/?s={search_term_string}\"},\"query-input\":{\"@type\":\"PropertyValueSpecification\",\"valueRequired\":true,\"valueName\":\"search_term_string\"}}],\"inLanguage\":\"pl-PL\"},{\"@type\":\"Organization\",\"@id\":\"https:\\\/\\\/kme.eu\\\/kme\\\/#organization\",\"name\":\"KME\",\"url\":\"https:\\\/\\\/kme.eu\\\/kme\\\/\",\"logo\":{\"@type\":\"ImageObject\",\"inLanguage\":\"pl-PL\",\"@id\":\"https:\\\/\\\/kme.eu\\\/kme\\\/#\\\/schema\\\/logo\\\/image\\\/\",\"url\":\"https:\\\/\\\/kme.eu\\\/kme\\\/wp-content\\\/uploads\\\/2020\\\/04\\\/logo_KME_RGB_small_200px.png\",\"contentUrl\":\"https:\\\/\\\/kme.eu\\\/kme\\\/wp-content\\\/uploads\\\/2020\\\/04\\\/logo_KME_RGB_small_200px.png\",\"width\":272,\"height\":200,\"caption\":\"KME\"},\"image\":{\"@id\":\"https:\\\/\\\/kme.eu\\\/kme\\\/#\\\/schema\\\/logo\\\/image\\\/\"},\"sameAs\":[\"https:\\\/\\\/www.facebook.com\\\/KME.LPG\\\/\",\"https:\\\/\\\/www.instagram.com\\\/kme_lpg\\\/\"]}]}<\/script>\n<!-- \/ Yoast SEO plugin. -->","yoast_head_json":{"title":"FILTR FAZY LOTNEJ KME - KME","robots":{"index":"index","follow":"follow","max-snippet":"max-snippet:-1","max-image-preview":"max-image-preview:large","max-video-preview":"max-video-preview:-1"},"canonical":"https:\/\/kme.eu\/kme\/produkt\/filtr-fazy-lotnej-kme\/","og_locale":"pl_PL","og_type":"article","og_title":"FILTR FAZY LOTNEJ KME - KME","og_description":"Filtr fazy lotnej z wymiennym wk\u0142adem z w\u0142\u00f3kna szklanego ob\u0142o\u017conego dwustronnie warstw\u0105 poliestru","og_url":"https:\/\/kme.eu\/kme\/produkt\/filtr-fazy-lotnej-kme\/","og_site_name":"KME","article_publisher":"https:\/\/www.facebook.com\/KME.LPG\/","article_modified_time":"2026-03-30T08:29:06+00:00","og_image":[{"width":800,"height":900,"url":"https:\/\/kme.eu\/kme\/wp-content\/uploads\/2020\/10\/Akcesoria_filtr.jpg","type":"image\/jpeg"}],"twitter_card":"summary_large_image","twitter_misc":{"Szacowany czas czytania":"5 minut"},"schema":{"@context":"https:\/\/schema.org","@graph":[{"@type":"WebPage","@id":"https:\/\/kme.eu\/kme\/produkt\/filtr-fazy-lotnej-kme\/","url":"https:\/\/kme.eu\/kme\/produkt\/filtr-fazy-lotnej-kme\/","name":"FILTR FAZY LOTNEJ KME - KME","isPartOf":{"@id":"https:\/\/kme.eu\/kme\/#website"},"primaryImageOfPage":{"@id":"https:\/\/kme.eu\/kme\/produkt\/filtr-fazy-lotnej-kme\/#primaryimage"},"image":{"@id":"https:\/\/kme.eu\/kme\/produkt\/filtr-fazy-lotnej-kme\/#primaryimage"},"thumbnailUrl":"https:\/\/kme.eu\/kme\/wp-content\/uploads\/2020\/10\/Akcesoria_filtr.jpg","datePublished":"2020-10-09T12:19:22+00:00","dateModified":"2026-03-30T08:29:06+00:00","breadcrumb":{"@id":"https:\/\/kme.eu\/kme\/produkt\/filtr-fazy-lotnej-kme\/#breadcrumb"},"inLanguage":"pl-PL","potentialAction":[{"@type":"ReadAction","target":["https:\/\/kme.eu\/kme\/produkt\/filtr-fazy-lotnej-kme\/"]}]},{"@type":"ImageObject","inLanguage":"pl-PL","@id":"https:\/\/kme.eu\/kme\/produkt\/filtr-fazy-lotnej-kme\/#primaryimage","url":"https:\/\/kme.eu\/kme\/wp-content\/uploads\/2020\/10\/Akcesoria_filtr.jpg","contentUrl":"https:\/\/kme.eu\/kme\/wp-content\/uploads\/2020\/10\/Akcesoria_filtr.jpg","width":800,"height":900},{"@type":"BreadcrumbList","@id":"https:\/\/kme.eu\/kme\/produkt\/filtr-fazy-lotnej-kme\/#breadcrumb","itemListElement":[{"@type":"ListItem","position":1,"name":"Strona g\u0142\u00f3wna","item":"https:\/\/kme.eu\/kme\/"},{"@type":"ListItem","position":2,"name":"Produkty","item":"https:\/\/kme.eu\/kme\/produkty\/"},{"@type":"ListItem","position":3,"name":"FILTR FAZY LOTNEJ KME"}]},{"@type":"WebSite","@id":"https:\/\/kme.eu\/kme\/#website","url":"https:\/\/kme.eu\/kme\/","name":"KME","description":"Autogas Systems","publisher":{"@id":"https:\/\/kme.eu\/kme\/#organization"},"potentialAction":[{"@type":"SearchAction","target":{"@type":"EntryPoint","urlTemplate":"https:\/\/kme.eu\/kme\/?s={search_term_string}"},"query-input":{"@type":"PropertyValueSpecification","valueRequired":true,"valueName":"search_term_string"}}],"inLanguage":"pl-PL"},{"@type":"Organization","@id":"https:\/\/kme.eu\/kme\/#organization","name":"KME","url":"https:\/\/kme.eu\/kme\/","logo":{"@type":"ImageObject","inLanguage":"pl-PL","@id":"https:\/\/kme.eu\/kme\/#\/schema\/logo\/image\/","url":"https:\/\/kme.eu\/kme\/wp-content\/uploads\/2020\/04\/logo_KME_RGB_small_200px.png","contentUrl":"https:\/\/kme.eu\/kme\/wp-content\/uploads\/2020\/04\/logo_KME_RGB_small_200px.png","width":272,"height":200,"caption":"KME"},"image":{"@id":"https:\/\/kme.eu\/kme\/#\/schema\/logo\/image\/"},"sameAs":["https:\/\/www.facebook.com\/KME.LPG\/","https:\/\/www.instagram.com\/kme_lpg\/"]}]}},"_links":{"self":[{"href":"https:\/\/kme.eu\/kme\/wp-json\/wp\/v2\/product\/9621","targetHints":{"allow":["GET"]}}],"collection":[{"href":"https:\/\/kme.eu\/kme\/wp-json\/wp\/v2\/product"}],"about":[{"href":"https:\/\/kme.eu\/kme\/wp-json\/wp\/v2\/types\/product"}],"wp:featuredmedia":[{"embeddable":true,"href":"https:\/\/kme.eu\/kme\/wp-json\/wp\/v2\/media\/9610"}],"wp:attachment":[{"href":"https:\/\/kme.eu\/kme\/wp-json\/wp\/v2\/media?parent=9621"}],"wp:term":[{"taxonomy":"product_brand","embeddable":true,"href":"https:\/\/kme.eu\/kme\/wp-json\/wp\/v2\/product_brand?post=9621"},{"taxonomy":"product_cat","embeddable":true,"href":"https:\/\/kme.eu\/kme\/wp-json\/wp\/v2\/product_cat?post=9621"},{"taxonomy":"product_tag","embeddable":true,"href":"https:\/\/kme.eu\/kme\/wp-json\/wp\/v2\/product_tag?post=9621"}],"curies":[{"name":"wp","href":"https:\/\/api.w.org\/{rel}","templated":true}]}}